et m = a + -177. List the prime factors of m.
263
Let k(a) = -a**3 - 9*a**2 + 8*a - 11. Let t be k(-9). Let i = t + 142. List the prime factors of (4*(i + -1))/2.
2, 29
What are the prime factors of (-113750)/26*12/(-15)?
2, 5, 7
Let k = 698 + -407. Let h = -15 + k. List the prime factors of h.
2, 3, 23
Let i(x) = -4*x**2 + 2*x - 11. Let g be i(-3). Let h = g - -909. List the prime factors of h.
2, 107
Let s = -2117 - -3031. What are the prime factors of s?
2, 457
Let x be (-16 + 26)*(1/(-2) - -3). Suppose -x*y = -13148 - 7002. What are the prime factors of y?
2, 13, 31
Let d(h) = -5*h - 1. Let p be d(-1). Suppose -p*y = -2*m - 3054, 118 = y - 4*m - 635. What are the prime factors of y?
3, 5, 17
Let i = 1075 + 686. What are the prime factors of ((-40)/24 + 2)*i?
587
Let y be 76*1*249/332. Suppose 2*r + n = 231, 5*r - 2*n = -0*n + 564. Let b = r - y. List the prime factors of b.
3, 19
Let i(t) = t**2 - t + 20. Let z be i(-14). Let x = z - 102. Suppose 3*h + 3*s = 195, 2*s - 188 = -5*h + x. What are the prime factors of h?
2, 31
Let g = 69160 - 48715. What are the prime factors of g?
3, 5, 29, 47
Suppose 4*d - 295 - 273 = 0. Let u = 589 - d. Suppose 4*g - u = -43. List the prime factors of g.
101
Let q(a) = -a**3 + 8*a**2 - 12*a + 8. Let r be q(6). Let s(c) = 3*c - c**3 - 11*c - 7 + 0*c + 2 + 11*c**2. What are the prime factors of s(r)?
3, 41
Let c = -324 - -324. List the prime factors of c + 4806/8 - (-5)/20.
601
Suppose 1040 = -6*s + 4766. Suppose -s = -11*g + 2*g. Let k = g + -37. List the prime factors of k.
2
Suppose -608*x + 631*x - 102028 = 0. List the prime factors of x.
2, 1109
Let f(m) = m**3 - 26*m**2 + 8. Let a be f(26). Suppose 4760 - 464 = a*r. What are the prime factors of r?
3, 179
Suppose 59618 = -83*w + 372611. List the prime factors of w.
3, 419
Suppose 4*d - 24 = 0, d + 3376 = 3*k - 18740. List the prime factors of k.
2, 3, 1229
What are the prime factors of (-200046)/(-55) - (-4)/(-20)?
3637
Let r(f) = -f**3 + 12*f**2 - 25*f - 10. Let h be r(11). Suppose 32*o + 228 = 13*o. List the prime factors of 2 - 2 - h - (-10 - o).
2, 3
Let u(m) = 12*m - 14. Let f be -24*(-8)/(-60)*-5. What are the prime factors of u(f)?
2, 89
Let z(h) = -23*h**2 + 6*h - 22. Let f be z(-10). Let s be f/14 + (-2)/(-14). Let j = -77 - s. What are the prime factors of j?
3, 31
Let j(t) = t**3 - 11*t**2 + 11*t + 43. Let z be j(8). Let r(p) = 4*p**2 - p - 7. Let w be r(5). Let q = z + w. List the prime factors of q.
3
Let m(h) be the first derivative of -3*h**4/4 + h**3/3 + 7*h**2 + 6*h - 49. What are the prime factors of m(-5)?
2, 3, 7
Let q(b) = b**2 + 2*b + 2. Let u be q(-2). Let s(f) = 41*f + 5. Let w be s(u). Suppose -3*n + w + 75 = 0. What are the prime factors of n?
2, 3
List the prime factors of (-2 + (-4)/(-3) + (-447805)/(-15))/1.
3, 31, 107
Suppose -93940 = -32*m + 25*m. Suppose 14*b + m = 36*b. What are the prime factors of b?
2, 5, 61
Let u = -113 + 118. Let w(x) = 6*x**2 - 64*x - 16. Let q(t) = -9*t**2 + 96*t + 24. Let l(y) = u*q(y) + 7*w(y). List the prime factors of l(7).
5, 17
Let s = 5548 + -1565. What are the prime factors of s?
7, 569
Suppose 156 + 194 = 5*f. Suppose f = -6*y + 16*y. Suppose 0 = 3*x - y*x + 220. What are the prime factors of x?
5, 11
Let z(o) = 61*o**2 + o + 7. Suppose f - 2 = 0, -6*p - 3*f + 4 = -7*p. What are the prime factors of z(p)?
11, 23
Suppose 3 = -3*y, -4557 = -789*b + 788*b - 3*y. List the prime factors of b.
2, 3, 5, 19
Let n = 429 + -426. Suppose 2538 = n*w - 1845. List the prime factors of w.
3, 487
Let s = -5422 - -5625. What are the prime factors of s?
7, 29
Let n be -11 + 0 - (1 - 0). Let t = 17 + n. Suppose 0 = -2*a + 2 - 4, -t*g - 4*a + 556 = 0. List the prime factors of g.
2, 7
Let m(z) = z**2 + 6*z. Let j be m(-6). Let c = 11 + -9. Suppose c*a = 5*b + 148, j = -a - b + 26 + 41. List the prime factors of a.
3, 23
Let x = -12641 - -25410. What are the prime factors of x?
113
Let j be (-2)/4*(-426)/(-4)*4. Let y = -211 - j. List the prime factors of y.
2
Let a = -66 + 43. Let h = -21 - a. Suppose -2*s + 166 = 4*x - 0*s, 3*x + h*s = 125. What are the prime factors of x?
41
Let l(n) be the first derivative of -9*n**2 - 18*n + 33. What are the prime factors of l(-9)?
2, 3
Let m(t) = t**2 - 30*t + 106. Let n be m(26). Suppose -n*h + 2755 = 667. List the prime factors of h.
2, 3, 29
Let a(b) be the first derivative of -b**3/3 - 9*b**2/2 + 30*b - 299. Let x(h) = h**2 - 15*h - 9. Let s be x(15). What are the prime factors of a(s)?
2, 3, 5
Let s(n) = 2 + 2*n + 17 - 3. Let p be s(6). Suppose 113 - p = 3*d - 4*v, -d = 2*v - 15. List the prime factors of d.
23
Suppose 47377 = -51*a + 60564 + 179797. What are the prime factors of a?
2, 11, 43
Suppose -26355 = 13*b + 22*b. Let j = -360 - b. List the prime factors of j.
3, 131
Let n = -54 + 56. Suppose -v - n + 4 = 0, -3*v + 11 = d. Suppose -d*q = 7*q - 324. List the prime factors of q.
3
Let k(m) = 18*m - 17. Let t be (-2 - 10/(-6)) + 636/18. Let v = t - 32. What are the prime factors of k(v)?
37
Let h = 1844 + 8862. What are the prime factors of h?
2, 53, 101
What are the prime factors of (28/12)/((-120)/80*(-4)/22518)?
3, 7, 139
Let g(x) = -13*x + 44. Let n(j) = -8*j**2 + 29*j - 7. Let q be n(4). What are the prime factors of g(q)?
3, 97
Let r(u) = 80*u**2 - 33*u + 204. List the prime factors of r(10).
2, 31, 127
Suppose a - 17 = -x - 0*x, 0 = 3*a - x - 47. Let u(q) = -q**2 + 18*q - 11. Let r be u(a). Suppose -25*c = -r*c - 224. List the prime factors of c.
2, 7
Let q(b) = -1607*b - 2382. What are the prime factors of q(-5)?
5653
Suppose -4*g + 6*g - p - 8 = 0, -15 = -5*g + 5*p. Suppose v - 5*r = 6*v - 9015, -g*r + 1807 = v. Suppose 0 = 6*d - v + 542. What are the prime factors of d?
2, 3, 5, 7
Let z(p) = -5*p**2 - 351*p + 114. List the prime factors of z(-63).
2, 3, 397
Let t(j) = -12*j + 0*j + 7*j + 6*j + 20. Let x be t(-26). Let v(p) = -19*p + 27. What are the prime factors of v(x)?
3, 47
Let b(f) = f**2 + 16*f + 5. Let c be b(-11). What are the prime factors of (-42)/(-525) + (-27346)/c?
547
Suppose 55 - 23 = -3*n - 2*u, n = -2*u - 16. Let g = n - -12. Suppose g*c = i + 208, -208 = -4*c - 3*i + i. List the prime factors of c.
2, 13
What are the prime factors of (-645170)/(-4)*470/1175?
149, 433
Let j(i) = -i**2 + 5*i + 11. Let q be j(-6). Let p be ((-10)/q)/(-1) + (-108)/11. List the prime factors of (-32)/3*(-2 + (p - 0)).
2
Let x = -710 + 1018. Let m = -72 + x. List the prime factors of m.
2, 59
List the prime factors of (-16)/(-6) - 1429000/(-120).
43, 277
Suppose 3*t + 21 = 3*x, -3*t = -2*x - 6*t + 9. Suppose -78 = -x*v + 9*v. Let g = v - -48. List the prime factors of g.
2, 11
Let q be (1/(-2))/((-41)/10 - -4). Suppose -4*b - 5*t = -6*t + 62, q*t - 38 = 3*b. Let g = b - -25. List the prime factors of g.
3
Let f be ((-10)/(-25))/(2/5). Suppose -f + 0 = -r, 4*x = 5*r + 15. Suppose 94 + 211 = x*n. List the prime factors of n.
61
Let g(j) = j**2 - 10*j - 23. Suppose -4*m + 89 = 129. List the prime factors of g(m).
3, 59
What are the prime factors of ((-320608)/24 - 6)*(0 - 6/4)?
20047
What are the prime factors of ((-8)/5)/((12/(-4025))/6)?
2, 5, 7, 23
Suppose 5*r - 674 = 2*o, -r - 53*o = -49*o - 126. List the prime factors of r.
2, 67
Let t(s) = 25*s**2 + 4*s + 38. Let l be t(-12). Suppose l = 5*c - 0*i - 4*i, 4*c - 3*i = 2872. What are the prime factors of c?
2, 359
Let y be (-3)/(18/(-4))*96. Suppose 0 = y*o - 55*o - 4563. What are the prime factors of o?
3, 13
Let b(q) = 58*q**3 - 6*q**2 + 3*q + 3. Let k be b(2). Suppose -527 - k = -8*h. List the prime factors of h.
2, 61
Let o(n) be the third derivative of -n**5/60 - 25*n**4/24 + 14*n**3/3 + 9*n**2. Let z be o(-26). What are the prime factors of (-4)/(-6)*9/z?
3
Suppose 6*f - 2151 = 1401. Suppose 0*r = r - f. Suppose 2*m - 10*m + r = 0. What are the prime factors of m?
2, 37
Suppose 2*r = 22*q - 27*q + 12413, -5*r = -2*q - 30960. What are the prime factors of r?
2, 19, 163
Let w(i) = -7012*i - 13. List the prime factors of w(-3).
21023
Let s(y) = 9*y + 2981. Let m be s(0). Suppose -2*x = -5*d - 1687, d + m - 444 = 3*x. List the prime factors of x.
2, 3, 47
Let k be (-9)/(9/4) - -8. Suppose k*f + 4*p = 1440, -f - 3*p + 368 = 2*p. List the prime factors of f.
2, 179
Suppose 2*n - 16 = -3*p, -2*p - 18 